 number?
False
Is 1762899035 composite?
True
Is 245640793 prime?
True
Is 5656203581 a composite number?
True
Is 1039626251 composite?
False
Is 9401948447 a composite number?
True
Is 537007921 a composite number?
True
Is 65017613 prime?
False
Is 10870788377 composite?
True
Is 2093595149 a composite number?
True
Is 8455023779 a prime number?
True
Is 3339251743 a prime number?
True
Is 6195463049 a composite number?
False
Is 686361251 a composite number?
False
Is 89322913607 a prime number?
True
Is 5359078783 a prime number?
False
Is 2773008359 prime?
False
Is 960913027 prime?
False
Is 97942421321 a prime number?
True
Is 713652193 a composite number?
False
Is 36166762303 a composite number?
True
Is 38014714 prime?
False
Is 12949199 composite?
False
Is 27156480751 composite?
False
Is 41089805639 a composite number?
False
Is 28385524319 prime?
True
Is 1342980299 a prime number?
True
Is 375852283 composite?
True
Is 146207417 prime?
False
Is 1050194557 prime?
False
Is 116648486419 composite?
False
Is 1271820653 prime?
True
Is 1580956523 a composite number?
False
Is 929549801 composite?
False
Is 133137498619 composite?
True
Is 4478760109 prime?
False
Is 217001401 a prime number?
True
Is 5408884771 composite?
False
Is 2671848733 a prime number?
False
Is 19272872767 prime?
True
Is 259734283 prime?
True
Is 1690583533 a composite number?
False
Is 81251453 composite?
False
Is 105243473719 a prime number?
True
Is 65865941989 a prime number?
True
Is 260752442 prime?
False
Is 34302298567 prime?
True
Is 777203951 prime?
True
Is 42160359127 prime?
False
Is 176363633 a prime number?
True
Is 2760697721 composite?
True
Is 3267938813 a composite number?
False
Is 738233057 a prime number?
True
Is 2829787109 prime?
True
Is 7277945641 a composite number?
False
Is 5649011359 composite?
False
Is 3958919593 a prime number?
True
Is 125283383 a composite number?
False
Is 137798659937 composite?
False
Is 3162581743 composite?
True
Is 8390809981 a prime number?
False
Is 7327078391 composite?
False
Is 6095756707 composite?
True
Is 5727065759 a composite number?
False
Is 104032025777 composite?
False
Is 98461001 prime?
True
Is 13911949 a prime number?
True
Is 7152043103 a prime number?
False
Is 16636794821 composite?
False
Is 7402577863 prime?
False
Is 4312412123 prime?
False
Is 4392073589 composite?
True
Is 4604170085 composite?
True
Is 3572476043 a composite number?
True
Is 18358375577 a prime number?
False
Is 21736014933 composite?
True
Is 2797470499 prime?
False
Is 3333759113 a prime number?
False
Is 1852391438 a prime number?
False
Is 935848253 a prime number?
True
Is 64669541 a prime number?
False
Is 72995113 composite?
False
Is 1129456985 composite?
True
Is 3446924893 a composite number?
False
Is 924225401 composite?
True
Is 27321555641 prime?
True
Is 49732868153 composite?
False
Is 146425781 prime?
True
Is 54661700183 a prime number?
False
Is 1052836547 prime?
False
Is 31339162369 prime?
True
Is 18381200687 a prime number?
False
Is 5967889673 a composite number?
True
Is 11372616142 a composite number?
True
Is 74880723607 composite?
False
Is 12456433831 a composite number?
False
Is 43357109069 prime?
False
Is 2748467941 prime?
True
Is 1236746011 a prime number?
False
Is 81724970611 a composite number?
True
Is 42106178297 composite?
True
Is 17469641053 a prime number?
False
Is 256110643 a composite number?
False
Is 799856663 composite?
False
Is 17719091107 a prime number?
True
Is 156213724273 composite?
False
Is 15508763959 composite?
True
Is 2151460709 a prime number?
True
Is 5417445587 a prime number?
True
Is 294661739 composite?
False
Is 1719606529 a composite number?
False
Is 246432133 prime?
False
Is 4148515933 a prime number?
False
Is 3151979573 composite?
True
Is 5304889621 a composite number?
True
Is 7904875789 composite?
True
Is 2477321359 prime?
True
Is 596339027 a prime number?
False
Is 140659147 a prime number?
False
Is 143505980237 a composite number?
False
Is 809009893 a composite number?
True
Is 32137632257 composite?
True
Is 3595965841 a composite number?
True
Is 24066416251 a prime number?
False
Is 3348185689 a prime number?
True
Is 73676579813 a prime number?
False
Is 33531691879 a composite number?
True
Is 5286520999 prime?
True
Is 312994711 a composite number?
False
Is 2364874357 a composite number?
False
Is 441059669 prime?
True
Is 377602399 prime?
False
Is 2461498217 a composite number?
True
Is 27772434187 a prime number?
True
Is 4135093 a prime number?
True
Is 2361297073 a prime number?
False
Is 273790199 prime?
True
Is 9802406879 a composite number?
False
Is 3934957223 composite?
False
Is 27984569707 a composite number?
True
Is 35640460939 a composite number?
False
Is 144571710511 a prime number?
True
Is 988511267 a prime number?
True
Is 5742025943 prime?
True
Is 55794105841 prime?
True
Is 38709304729 a composite number?
False
Is 3123530257 a composite number?
False
Is 31799346149 prime?
False
Is 215013419 a composite number?
False
Is 18995835619 composite?
False
Is 17538670207 prime?
True
Is 840933427 composite?
False
Is 2043905041 prime?
False
Is 7087840831 prime?
False
Is 762298759 prime?
True
Is 12906170219 a prime number?
False
Is 3970185169 composite?
False
Is 1884864089 a prime number?
False
Is 2605384681 a prime number?
True
Is 42915793 a prime number?
False
Is 26398158493 prime?
False
Is 888156067 prime?
False
Is 1307924471 prime?
False
Is 125274978487 a composite number?
False
Is 35470345727 prime?
False
Is 2463632771 composite?
True
Is 142181227 composite?
True
Is 1412264443 composite?
True
Is 53798543 prime?
False
Is 12182447 a prime number?
False
Is 30580260407 a composite number?
False
Is 37221972286 composite?
True
Is 3191877821 a prime number?
False
Is 31243902391 a composite number?
True
Is 536601551 a prime number?
True
Is 10981540159 a composite number?
False
Is 20596211107 prime?
False
Is 141329179349 a composite number?
False
Is 190678867 prime?
False
Is 2244554177 a composite number?
False
Is 188695784621 a composite number?
False
Is 776713309 a prime number?
False
Is 6853277611 prime?
True
Is 198003833 a composite number?
True
Is 26688463871 a composite number?
False
Is 3272830991 a composite number?
False
Is 1353375329 a composite number?
False
Is 1746116107 prime?
True
Is 15336569 prime?
False
Is 85249271 prime?
False
Is 10759346711 a composite number?
False
Is 27807536623 a prime number?
True
Is 12371125583 a composite number?
False
Is 15441540853 prime?
False
Is 783903437 a prime number?
False
Is 19333888687 prime?
True
Is 3093803501 a prime number?
True
Is 17169991 a composite number?
True
Is 712406749 composite?
True
Is 7752153419 a prime number?
False
Is 7624866947 prime?
False
Is 43644841 a composite number?
False
Is 72602148161 a composite number?
False
Is 897797743 prime?
False
Is 3490136281 prime?
True
Is 232034533 a composite number?
True
Is 1684569361 a composite number?
False
Is 4530390973 prime?
False
Is 165055829 a composite number?
True
Is 287774369 a prime number?
True
Is 7235993669 a prime number?
False
Is 70578702641 a composite number?
True
Is 2722261727 composite?
True
Is 15194620717 a prime number?
True
Is 5924831623 composite?
False
Is 125328498899 a composite number?
True
Is 4498311661 prime?
True
Is 35425185583 a composite number?
False
Is 12510785891 composite?
False
Is 469840361829 a composite number?
True
Is 35717330111 a prime number?
True
Is 42054090557 a composite number?
True
Is 19905795197 a composite number?
True
Is 118307705497 prime?
False
Is 621057851 a composite number?
False
Is 6404263291 prime?
False
Is 2263390071 a prime number?
False
Is 96815286077 a prime number?
True
Is 1905196901 prime?
True
Is 778814809 a composite number?
True
Is 70521569 a prime number?
True
Is 4324076501 a prime number?
True
Is 434832659 composite?
False
Is 110137459 composite?
False
Is 250302791 a composite number?
False
Is 134279833 composite?
False
Is 258554678 prime?
False
Is 2587983557 composite?
True
Is 909419183 a prime number?
True
Is 2731756501 a composite number?
True
Is 80277163709 a composite number?
False
Is 127924939 a composite number?
True
Is 693397246 a prime number?
False
Is 8240889871 prime?
True
Is 14690759567 prime?
False
Is 1553451377 a prime number?
False
Is 40221060947 a composite 